01100010110?
1010110001100010101
In base 10, what is -123 + 10797?
10674
In base 11, what is -4a3 - 1a27?
-241a
In base 15, what is -83355 + -15?
-8336a
In base 14, what is -68 + 204db?
20473
In base 10, what is -186 + 467479?
467293
In base 14, what is -a5 + cb6?
c11
In base 5, what is 10 + 32011421201?
32011421211
In base 10, what is 135685855 + 6?
135685861
In base 6, what is 10144423 - 13543?
10130440
In base 3, what is 2 - -112211110010?
112211110012
In base 8, what is -61 + -506271?
-506352
In base 16, what is 1195 + 16b?
1300
In base 12, what is 0 - 3673129?
-3673129
In base 11, what is 1296 + -9653?
-8368
In base 14, what is 21a + -14cab?
-14a91
In base 11, what is 86 + 2259a?
22675
In base 3, what is 1 - 210020220212221101?
-210020220212221100
In base 8, what is -33315 + 25535?
-5560
In base 7, what is -1 - -6610211?
6610210
In base 4, what is 230 - -3101022030?
3101022320
In base 4, what is -30 - -131221021101?
131221021011
In base 7, what is 5251 + -600?
4351
In base 9, what is 2645728 - -4?
2645733
In base 9, what is -2142 + 11163?
8021
In base 9, what is -7150407 + -112?
-7150520
In base 3, what is 22002101 + -20220200?
1011201
In base 2, what is -11010110110101011010101 + -111?
-11010110110101011011100
In base 5, what is 44140442314 + 3?
44140442322
In base 16, what is -1c655 - 6b6?
-1cd0b
In base 16, what is -e + -10e7668?
-10e7676
In base 7, what is -26240 + 31062?
1522
In base 3, what is 121012 - -102001222010?
102002120022
In base 10, what is -4381153 - -25?
-4381128
In base 14, what is -183d6b - -7c?
-183ccd
In base 3, what is 1012 + -1021010012120222?
-1021010012112210
In base 7, what is -15024 + 24324?
6300
In base 2, what is 111 + 100010101101011?
100010101110010
In base 15, what is -1 + -258ee?
-25900
In base 4, what is 3310001 + -1031?
3302310
In base 9, what is 405257 + -50?
405207
In base 6, what is -14124 + 2532010?
2513442
In base 2, what is 110 - 1011110011001101011?
-1011110011001100101
In base 16, what is 57ef448 - 2?
57ef446
In base 11, what is 0 - -a90a036?
a90a036
In base 6, what is -2421521152 - -3?
-2421521145
In base 16, what is 34eeb - 2?
34ee9
In base 7, what is 12316 + -335162?
-322543
In base 11, what is -39000513 + -3?
-39000516
In base 11, what is -2 + 27698746?
27698744
In base 7, what is -15546 - 26456?
-45335
In base 4, what is 213 - -1031312221001?
1031312221220
In base 13, what is -1a2b375b - 11?
-1a2b376c
In base 5, what is 10313011331 + 120?
10313012001
In base 4, what is -1 + 130213112032?
130213112031
In base 7, what is 462130366 + -3?
462130363
In base 15, what is 172 + 289b?
2a1d
In base 3, what is 2220 - 12122120122?
-12122110202
In base 3, what is 10 - 111202010022222?
-111202010022212
In base 4, what is 2002310010231 + -10?
2002310010221
In base 8, what is 6153 + -73?
6060
In base 15, what is 4de3 - 8b?
4d57
In base 9, what is 87568653 - 0?
87568653
In base 10, what is -1572 - -352051?
350479
In base 4, what is 10 + 223321222323?
223321222333
In base 9, what is -1352 - 645724?
-647176
In base 8, what is -11155 + -15255?
-26432
In base 3, what is -1200122 + -1121100221?
-1200001120
In base 11, what is 123 - -72714?
72837
In base 12, what is -4 + -47a1231?
-47a1235
In base 7, what is -5516426 + 1?
-5516425
In base 12, what is 39 - -975574?
9755b1
In base 5, what is -2 - 20402040002?
-20402040004
In base 5, what is -2000343401 - 110?
-2000344011
In base 10, what is -68 + 189129?
189061
In base 3, what is 11 + 2211220100002222?
2211220100010010
In base 2, what is 1011110011 + -111001?
1010111010
In base 15, what is -2a + 4b81a?
4b7e0
In base 3, what is -20022212212 + 1011?
-20022211201
In base 12, what is 102 + 247a3?
248a5
In base 8, what is 164060 - 12216?
151642
In base 2, what is 1111 + -10010000101001?
-10010000011010
In base 6, what is -350 + -1533204?
-1533554
In base 16, what is -6fb2d8 + 67?
-6fb271
In base 13, what is 57 + -257b14?
-257a8a
In base 12, what is 2 + -22259643?
-22259641
In base 2, what is 11100000111010010 - -10000010?
11100001001010100
In base 4, what is -1323 + -333232?
-1001221
In base 13, what is -4000900 + c?
-40008c1
In base 13, what is -4660 + 4?
-4659
In base 5, what is -1041000 + -4242320?
-10333320
In base 9, what is -31 + 23783781?
23783750
In base 6, what is -121452 + 353240?
231344
In base 9, what is 67744 - -5576?
74431
In base 6, what is 1524154120 - 0?
1524154120
In base 15, what is 20b7a + e?
20b89
In base 11, what is -37 + 3199483?
3199447
In base 9, what is 120180 - -7084?
127274
In base 9, what is 7 + -15431321?
-15431313
In base 8, what is 653055 + 502?
653557
In base 5, what is 21 + -122314004?
-122313433
In base 6, what is 1144514 + 2440?
1151354
In base 10, what is -3930136 - 3?
-3930139
In base 7, what is 236335 - 1331?
235004
In base 6, what is 1 - -2153421051?
2153421052
In base 10, what is 436 + -22382?
-21946
In base 2, what is 100100110110100001000111 + 1000?
100100110110100001001111
In base 16, what is -2f297d - 1f?
-2f299c
In base 6, what is -140541114 + 15?
-140541055
In base 15, what is -33b - -6c7b6?
6c47a
In base 3, what is -21 - 1001101102010001?
-1001101102010022
In base 10, what is -12 + 66412463?
66412451
In base 4, what is 202 + -231333201312?
-231333201110
In base 2, what is 11 - 10010000000110000110000?
-10010000000110000101101
In base 8, what is -27461461 + -2?
-27461463
In base 6, what is 20422104550 + 5?
20422104555
In base 7, what is -1246 - -11416601?
11415322
In base 10, what is 475043 - -76?
475119
In base 5, what is 10133410 + 2003?
10140413
In base 8, what is 243251110 - 3?
243251105
In base 5, what is -204331 - -10042?
-144234
In base 8, what is 122 - 73615075?
-73614753
In base 7, what is 23062254 + -10?
23062244
In base 11, what is -56263850 + -2?
-56263852
In base 7, what is 132064 - -132?
132226
In base 7, what is 200610 - 42021?
125556
In base 13, what is -6 + 30093a?
300934
In base 7, what is -1 + 141524465?
141524464
In base 15, what is -31d8ed7 + 5?
-31d8ed2
In base 8, what is -6114775307 + 4?
-6114775303
In base 16, what is e + 16c43b?
16c449
In base 11, what is 111079 - 20a?
11096a
In base 15, what is -2216c + -1?
-2216d
In base 3, what is 20111222111000210 + -21?
20111222111000112
In base 3, what is 200011 + -100112222212?
-100112022201
In base 2, what is 101100011010001110101100 + -101?
101100011010001110100111
In base 14, what is -4146 - 58?
-41a0
In base 9, what is 511 - 403?
107
In base 3, what is -102222101 - 212200121?
-1022122222
In base 8, what is 23 + -2057105?
-2057062
In base 13, what is -3c2c656 - -5?
-3c2c651
In base 8, what is 2 - 717655?
-717653
In base 2, what is 1010 - -10010000011001101001000?
10010000011001101010010
In base 10, what is -2 - -46135304?
46135302
In base 6, what is -4 + 410420?
410412
In base 8, what is -1 + 42663175?
42663174
In base 6, what is 1002125 - -3135?
1005304
In base 8, what is -6714 + 206?
-6506
In base 15, what is -2 - -5c57d9c?
5c57d9a
In base 16, what is 12f - 64782?
-64653
In base 3, what is -11000222201012 - 11?
-11000222201100
In base 13, what is 2b5 + -76396?
-760b1
In base 9, what is 14311 - -7?
14318
In base 6, what is 1215251 - 14335?
1200512
In base 10, what is 10997287 - -1?
10997288
In base 12, what is 38 - 2499?
-2461
In base 8, what is -375012 + 15?
-374775
In base 15, what is -4bbc - 4?
-4bc1
In base 2, what is -1011100000001111111101101000 + 10?
-1011100000001111111101100110
In base 9, what is -2 - -175618087?
175618085
In base 4, what is 21021320 - 233130?
20122130
In base 9, what is -1 - -14743737?
14743736
In base 12, what is -9622 + 60?
-9582
In base 11, what is -10 - -655768?
655758
In base 2, what is 0 + 10100101100000100011100010?
10100101100000100011100010
In base 7, what is 203064234 + 2?
203064236
In base 7, what is 115504 + 45?
115552
In base 8, what is 26 - 432222?
-432174
In base 7, what is -3 - 20546403?
-20546406
In base 11, what is -9 + -224a1a9?
-224a207
In base 6, what is -111332 + -1350542?
-1502314
In base 8, what is -36213 - 5447?
-43662
In base 9, what is -27841 + -215?
-28156
In base 11, what is -4 - 2091089?
-2091092
In base 15, what is -15 - -6355d?
63548
In base 15, what is -5 + -8b2975e?
-8b29764
In base 9, what is 15138825 + -10?
15138815
In base 2, what is 110100101 + 10011010101?
11001111010
In base 10, what i